 + 69. Give j(18).
15
Let b(i) = -238*i - 687. Determine b(-3).
27
Let b(s) = 7*s**2 - 15*s - 48. Determine b(8).
280
Let j(r) = -2*r**2 + 169*r - 3367. Give j(52).
13
Let r(p) = p**3 + 2*p**2 + 33*p + 190. Give r(-5).
-50
Let p(h) = -70*h - 6518. Give p(-93).
-8
Let i(o) = 47*o + 112. Give i(-5).
-123
Let r(t) = -127*t - 1751. What is r(-8)?
-735
Let t(i) = 219*i + 20129. What is t(-92)?
-19
Let d(m) = 10038*m - 30113. Calculate d(3).
1
Let g(w) = 700*w + 4908. Give g(-7).
8
Let c(t) = -6*t**2 - 9*t + 69. Calculate c(-4).
9
Let z(f) = -12*f**2 - 116*f + 59. Give z(-10).
19
Let n(r) = -456*r - 4015. Determine n(-9).
89
Let c(k) = -k**2 + 47*k - 530. Give c(28).
2
Let d(w) = -937*w - 28128. What is d(-30)?
-18
Let c(d) = 35*d - 641. Give c(18).
-11
Let m(i) = -i**2 - 422*i + 845. What is m(2)?
-3
Let z(v) = v**2 - 3*v - 18. Give z(8).
22
Let q(l) = -l**3 - 16*l**2 - 88*l - 357. Determine q(-11).
6
Let z(r) = -r**3 - 17*r**2 + 38*r + 24. What is z(-18)?
-336
Let p(t) = t**3 - 22*t**2 - 5*t - 19. Calculate p(22).
-129
Let g(t) = 573*t + 25201. What is g(-44)?
-11
Let c(p) = -4*p + 198. What is c(57)?
-30
Let o(a) = a**2 + 15*a + 160. Give o(0).
160
Let q(b) = 5*b**2 + 1205*b + 7061. Determine q(-6).
11
Let p(j) = 2*j**2 - 4*j - 326. Calculate p(14).
10
Let l(v) = 24*v**2 - 39*v + 2. What is l(1)?
-13
Let y(n) = -n**3 - 10*n**2 - 23*n - 80. Give y(-8).
-24
Let c(b) = -5*b**3 - 1689*b**2 + 338*b + 1. Give c(-338).
1
Let z(l) = -l**3 - 15*l**2 - 34*l - 11. What is z(-13)?
93
Let s(d) = 14*d + 224. Give s(-18).
-28
Let i(t) = -63*t - 228. Calculate i(3).
-417
Let f(b) = 10*b**3 + 8*b**2 + 13*b - 7. Calculate f(-2).
-81
Let v(q) = q**3 - 41*q**2 + 71*q - 1240. Calculate v(40).
0
Let g(x) = -268*x**2 + 25728*x + 15. Give g(96).
15
Let b(h) = -154*h + 6453. Give b(42).
-15
Let v(u) = -1472*u + 4408. What is v(3)?
-8
Let c(y) = -159*y + 6425. Determine c(40).
65
Let p(l) = -27*l**2 - 76*l + 304. Calculate p(-5).
9
Let r(b) = 6*b**2 - b + 148. Determine r(-7).
449
Let f(t) = 3*t**3 - 18*t**2 - 24*t + 20. Give f(7).
-1
Let h(o) = o**3 - 7*o**2 - 105*o - 73. Determine h(-7).
-24
Let q(r) = -66*r - 11370. Determine q(-172).
-18
Let i(d) = -37*d + 1648. Calculate i(46).
-54
Let t(h) = 124*h**2 - 1113*h - 17. Calculate t(9).
10
Let a(s) = -s**2 - 63*s - 1292. Calculate a(-50).
-642
Let n(k) = k**3 - 17*k**2 - 2*k - 18. What is n(17)?
-52
Let d(q) = q**3 + 19*q**2 - 188*q + 50. Give d(7).
8
Let a(x) = -9*x**3 + 4*x**2 - 7*x - 3. Give a(2).
-73
Let r(c) = -2*c**3 + 56*c**2 + 125*c - 152. What is r(30)?
-2
Let n(q) = 2*q**3 - 68*q**2 - 76*q + 205. Give n(35).
-5
Let i(l) = -35*l**3 + 2*l**2 + l. Calculate i(-1).
36
Let g(p) = -p**3 - 9*p**2 - 16*p + 25. Give g(-4).
9
Let z(s) = 3364*s + 10093. What is z(-3)?
1
Let l(t) = 796*t - 6792. Give l(9).
372
Let a(p) = -11*p**2 + 532*p - 1668. What is a(45)?
-3
Let g(z) = 5*z**2 - 229*z - 72. Determine g(44).
-468
Let x(f) = -f**3 + 45*f**2 + 57*f - 4. What is x(0)?
-4
Let j(g) = 6*g**3 + 217*g**2 + 44*g + 290. Calculate j(-36).
2
Let a(y) = -8*y - 291. Determine a(-33).
-27
Let n(f) = 2*f**3 - 41*f**2 - 80*f - 7. Give n(-2).
-27
Let a(t) = t**3 + 4*t**2 - 11*t - 6. Give a(-5).
24
Let h(g) = -g**3 + 100*g**2 - 2272*g - 111. Calculate h(35).
-6
Let o(j) = 2*j**2 + 12*j - 827. What is o(19)?
123
Let w(g) = -g**2 - 68*g + 524. Calculate w(7).
-1
Let k(p) = p**2 - 32*p - 465. What is k(-11)?
8
Let u(f) = 2*f**2 + 55*f + 168. Calculate u(-24).
0
Let g(q) = -q**2 - 110*q - 2343. Calculate g(-29).
6
Let q(r) = 7*r**3 + 328*r**2 - 46*r + 99. What is q(-47)?
52
Let c(h) = 2*h**2 + 71*h + 134. What is c(-36)?
170
Let p(t) = -t**3 - 153*t**2 + 315*t + 767. Calculate p(-155).
-8
Let z(w) = -2*w**3 - 4*w**2 + 10*w - 4. Calculate z(3).
-64
Let a(p) = p**2 - 59*p + 357. What is a(7)?
-7
Let c(t) = 3*t**2 + 122*t + 190. Determine c(-39).
-5
Let f(p) = -p**3 + 70*p**2 - 205*p + 257. Calculate f(67).
-11
Let d(o) = -2*o**3 + 50*o + 227. Determine d(0).
227
Let n(d) = -26*d + 24. Determine n(3).
-54
Let b(r) = -38*r**2 - 122*r - 18. What is b(-3)?
6
Let l(n) = -8*n + 65. Calculate l(11).
-23
Let a(j) = -10*j + 176. Give a(18).
-4
Let z(k) = -174*k - 2773. What is z(-16)?
11
Let j(b) = -14*b**2 - 29*b + 212. What is j(6)?
-466
Let i(r) = 61*r - 979. Give i(16).
-3
Let p(m) = -243*m + 940. Give p(4).
-32
Let h(t) = -2*t**3 + 8*t**2 + 62*t + 15. Determine h(-8).
1055
Let o(i) = 10*i**2 + 170*i + 20. Calculate o(-17).
20
Let x(r) = -30*r - 795. Calculate x(-28).
45
Let a(c) = 7*c**2 - 150*c - 14. Calculate a(14).
-742
Let x(j) = 2*j - 5. What is x(4)?
3
Let b(g) = -2*g**3 + 226*g**2 - 446*g + 224. Determine b(111).
2
Let j(s) = 5446*s - 11. Calculate j(0).
-11
Let s(w) = w**2 - 26*w + 175. Give s(9).
22
Let o(z) = -3*z**2 - 30*z + 153. What is o(-14)?
-15
Let s(j) = j**3 + 337*j**2 - 5*j - 1687. Give s(-337).
-2
Let l(c) = 312*c + 833. What is l(-3)?
-103
Let l(r) = 3*r**2 - 18*r + 12. Calculate l(4).
-12
Let c(m) = m**2 + 24*m - 2129. What is c(35)?
-64
Let z(h) = -331*h - 8938. Calculate z(-27).
-1
Let j(l) = -l**3 - 72*l**2 + 75*l + 138. What is j(-73)?
-8
Let b(q) = -2*q**3 - 7*q**2 - 20*q + 8. Determine b(-4).
104
Let b(n) = 305*n**2 - 10063*n - 66. Determine b(33).
0
Let p(g) = 8*g**2 - 90*g - 181. Calculate p(13).
1
Let y(t) = t**3 + 6*t**2 + 56*t + 583. Calculate y(-8).
7
Let t(f) = 932*f + 922. Calculate t(-1).
-10
Let v(j) = -2*j**3 - 6*j**2 + 15*j + 171. Give v(-8).
691
Let j(x) = -61*x**3 - 5*x**2 - 23*x - 19. Give j(-1).
60
Let p(t) = -2*t**2 - 45*t - 3. Calculate p(-27).
-246
Let p(z) = -z**3 - 34*z**2 - 167*z + 1. Calculate p(-6).
-5
Let q(v) = v**3 - 2*v**2 + 2*v - 33. Calculate q(4).
7
Let u(i) = 6*i**2 + 213*i - 60. Calculate u(-36).
48
Let v(u) = 20019*u + 140127. Determine v(-7).
-6
Let g(t) = 153*t - 10239. What is g(67)?
12
Let q(r) = 45*r - 511. Determine q(11).
-16
Let o(n) = 2*n**2 + 73*n - 687. Give o(8).
25
Let m(y) = -1117*y + 2228. Calculate m(2).
-6
Let v(a) = -20*a**2 + 378*a - 41. Calculate v(19).
-79
Let i(v) = -11194*v + 33570. Calculate i(3).
-12
Let b(h) = -8*h**2 - 356*h - 58. What is b(-45)?
-238
Let s(j) = 7*j**2 + 404*j + 801. Give s(-2).
21
Let b(j) = 2*j**2 + 132*j + 831. Determine b(-7).
5
Let u(l) = 12092*l + 24183. What is u(-2)?
-1
Let n(j) = 4*j**3 + 46*j**2 + 18*j - 26. What is n(-11)?
18
Let m(x) = 2*x**3 + 8*x**2 + 8*x - 15. Give m(-7).
-365
Let s(i) = 21*i**3 + i**2 + 7*i - 7. Calculate s(2).
179
Let k(t) = -2*t**2 - 83*t - 124. Determine k(-40).
-4
Let t(n) = 852*n - 11083. Calculate t(13).
-7
Let z(j) = 2*j**2 + 170*j + 192. Calculate z(-84).
24
Let q(l) = -2*l**3 - 137*l**2 - 324*l + 45. Calculate q(-66).
-351
Let p(o) = -o**2 + 114*o - 1862. Give p(20).
18
Let i(l) = -3487*l - 3538. What is i(-1)?
-51
Let t(h) = -h**2 - 50*h - 101. Give t(-46).
83
Let f(g) = 26*g**2 + 16*g - 4. Determine f(1).
38
Let p(k) = 2*k**2 - 72*k + 952. Determine p(22).
336
Let v(j) = j**3 + 6*j**2 + 119*j + 336. Give v(-3).
6
Let k(x) = 35*x - 11. Calculate k(0).
-11
Let d(i) = 185*i + 1990. Give d(-11).
-45
Let q(m) = 10*m**2 - 67*m + 44. What is q(7)?
65
Let u(y) = y**2 - 582. Determine u(-24).
-6
Let d(q) = -197*q**2 + 2560*q + 2. Determine d(13).
-11
Let d(r) = -r**2 + 12*r + 22. What is d(-8)?
-138
Let x(a) = a**3 + 11*a**2 - 10886*a - 393. Determine x(99).
3
Let r(n) = -3*n**2 + 45*n - 108. Calculate r(12).
0
Let n(i) = i**3 + 7*i**2 + 20*i + 124. Calculate n(-7).
-16
Let j(i) = -3*i - 53. Determine j(-11).
-20
Let v(n) = -n**2 + 4*n + 9. What is v(10)?
-51
Let m(x) = -7*x**3 - 3*x**2 + 7*x + 11. Determine m(-3).
152
Let c(s) = 32*s**2 - 3006*s - 200. Calculate c(94).
-12
Let s(f) = f**2 + 8*f - 69. Determine s(-14).
15
Let d(p) = p**2 + 38*p + 338. Give d(-30).
98
Let p(d) = 69*d + 3074. What is p(-45)?
-31
Let x(n) = -5*n**3 + 2*n**2 + 9*n + 5. Give x(-2).
35
Let l(p) = 1183*p + 7150. What is l(-6)?
52
Let q(s) = s**2 + 25*s - 457. Determine q(-37).
-13
Let z(d) = -d**3 - 4*d**2 + d + 11. Calculate z(-7).
151
Let r(p) = 8*p**2 + 96*p - 13. Determine r(-12).
-13
Let t(j) = -28*j - 222. Calculate t(-9).
30
Let u(g) = -2*g**3 - 16*g**2 + 73*g + 214. Determine u(-10).
-116
Let w(o) = o**3 + 235*o**2 - 1456*o - 2415. Determine w(-241).
-5
Let p(o) = o**3 + 61*o**2 - 187*o - 71. Calculate p(-64).
-391
Let h(